 2. Give a(j).
3
Let z be 30/4*4/5. Let j(n) be the first derivative of -n**4/4 + 5*n**3/3 + 7*n**2/2 - 2*n + 2. Determine j(z).
4
Suppose -4*f = f - 30. Let s be ((16/6)/4 - 1)*-15. Let c(w) = 5 - f*w - w + s*w. Calculate c(4).
-3
Let v(n) be the second derivative of -n**6/120 + n**5/12 - n**4/6 - 2*n**2 - 2*n. Let j(g) be the first derivative of v(g). Calculate j(3).
6
Let f(m) be the second derivative of -m**5/20 - m**4/4 + m**3/3 - 2*m**2 + 9*m. Determine f(-3).
-10
Let t(z) = z**3 + 0*z**2 + 1 + 4*z - 4*z**2 - 10*z. Calculate t(5).
-4
Let p(u) = -28*u**2 - 11*u. Let i(y) = -56*y**2 - 24*y. Let d(b) = -6*i(b) + 13*p(b). Calculate d(1).
-27
Let g(x) be the third derivative of -x**5/60 - x**4/4 + 6*x**2. Determine g(-7).
-7
Suppose 3*n - 7*j + 6 = -4*j, 12 = -4*n + 2*j. Let f(m) = -m**3 - 3*m**2 + 1. Calculate f(n).
17
Let s(h) = h**2 + 6*h - 3. Let w(j) = -j**2 + 12*j - 42. Let a be w(6). What is s(a)?
-3
Let x(b) = b + 1. Suppose 3 = -j - 5. Let y be 0 + (-1 - 0 - -13). Let o be 2/j - 21/y. What is x(o)?
-1
Let j(s) be the third derivative of s**6/120 - s**5/6 - s**4/24 + 2*s**3 - 25*s**2. Calculate j(10).
2
Let l(a) be the second derivative of -a**4/12 - 4*a**3/3 - 5*a**2/2 + 3*a. Determine l(-6).
7
Let z(x) be the second derivative of x**4/12 + x**3/3 + 2*x**2 - x. Suppose 2*o = -2*o + 12. Let y = 0 - o. Give z(y).
7
Let i be (-12)/(-54) - (-16)/9. Let w(p) = -p**2 - 6*p - 3 + p + 0*p**2 + i. Calculate w(-5).
-1
Let g(l) be the first derivative of -7*l**2/2 + 2*l - 5. Let p(h) = 5*h - h - h - 1. Let j(k) = 4*g(k) + 7*p(k). Give j(-1).
8
Let l(r) be the second derivative of -r**4/24 - 2*r**3/3 - r**2/2 + r. Let c(q) be the first derivative of l(q). Suppose 9 = 7*g + 37. What is c(g)?
0
Let p(t) = t**2 + 5*t - 7. Let a(l) = -l + 2. Let g(q) = -4*a(q) - p(q). What is g(-1)?
-1
Let s be (3/(-6)*(-3 + 3))/1. Let y(m) be the third derivative of 0*m + m**2 - 1/3*m**3 + 7/24*m**4 + s. Determine y(2).
12
Let h = -10 - -13. Let y(r) = 0*r + 4*r + h*r**2 - r**2 - r**3. Calculate y(3).
3
Let w(n) = 2*n + 1. Suppose -2*i = 2*i + 4*z - 36, z - 1 = i. Give w(i).
9
Let u(g) be the second derivative of 7*g**4/12 + g**2/2 + 8*g. What is u(1)?
8
Suppose -z = 4*z - 20. Let n(i) be the third derivative of i**4/24 + i**3/2 - 2*i**2. Calculate n(z).
7
Let j(h) be the first derivative of -2*h + 5/3*h**3 - 5/2*h**2 - 1/4*h**4 - 1. Let c = 12 + -8. Determine j(c).
-6
Let d(m) be the first derivative of m**3 - m**2/2 + 142. Let s = -4 + 6. Suppose -2 = -0*q - s*q. Give d(q).
2
Let j(k) = 3*k. Suppose r - 83 = -5*n + 2*r, -4*n = 3*r - 55. Suppose -n = -g - 3*g. Suppose 2*v - 4*p - 7 = 17, 20 = -g*p. Determine j(v).
6
Let c(r) = r**3 + 4*r**2 + r - 2. Suppose 4 = 3*n - 2. Suppose 0 = -n*g + 5*g - 12. Suppose 0 = d - g*d - 9. What is c(d)?
4
Let m(k) = -k + 2. Suppose -2 = -2*g + 5*h, -5*g + h + h + 26 = 0. What is m(g)?
-4
Suppose g + 3 = 6. Let m(v) = -4*v**2 - v**g + 6*v + v + 8 - v**2. Determine m(-6).
2
Let n(w) be the first derivative of 3*w**4/4 - w**3/3 + w - 2. Let v be (-10)/4*16/(-20). Suppose 0 = -v*z - 3*z + 5. Determine n(z).
3
Let h(x) = -x - 1. Let p(g) = 7*g + 7. Let l(a) = -6*h(a) - p(a). Let k be (-94)/(-14) - 4/(-14). Let q = -4 + k. What is l(q)?
-4
Let w(o) = -o**3 - 4*o**2 + 2*o - 1. Let d = -53 + 49. Determine w(d).
-9
Suppose -5*h + 26 = 4*i, 3*h + 10 = 4*i - 0*i. Suppose h*s + 2 = 6. Let j(a) = -a**3 + 0 - 3 - 4*a**s - 2*a + 2. Give j(-3).
-4
Let w(d) = -d**3 + 9*d**2 + d - 6. Let y be 1/(4 - (-70)/(-18)). Calculate w(y).
3
Let s(l) = 10*l**2 - l - 3. Let c(o) = -o**2 + 1. Let q(u) = 3*c(u) + s(u). Calculate q(1).
6
Let y(i) be the first derivative of 2*i**3 + i**2/2 + 1. Let r(q) = -5*q**2 - q. Let h(n) = 3*r(n) + 2*y(n). What is h(1)?
-4
Let p(l) be the third derivative of l**4/24 + l**3/3 + 7*l**2. Calculate p(4).
6
Let f(j) = j**3 + 7*j**2 + 5*j - 4. Let w be f(-6). Suppose 2*i - 5*i = -w*d - 12, -i = 5*d - 4. Let b(n) = 3*n + d*n + n**2 - 1 + 3*n. What is b(-5)?
-6
Suppose 76 = -5*i + 41. Let h(u) = -u**2 - 7*u - 6. Give h(i).
-6
Let v(b) = -b**3 - b**2 - b - 2. Suppose -5*h - m + 28 = 0, 2*h - 3 = 3*m - 2. Suppose h*z + 4 = -6. Determine v(z).
4
Let p(m) be the first derivative of m**3/3 + m**2/2 - 4*m - 10. Determine p(0).
-4
Let w(u) = u**3 + 3*u**2 + u + 3. Let v(q) = 3*q - q + q + 7 - q**2. Let k be v(5). Calculate w(k).
0
Suppose -5*u = 25, -4*h - 5*u - 30 = -3*h. Let x(b) be the first derivative of -b**4/4 - 4*b**3/3 + 3*b**2/2 - 4*b - 14. Give x(h).
6
Let h(i) be the third derivative of 1/8*i**4 + 0 - 1/3*i**3 - i**2 + 0*i. What is h(-4)?
-14
Let t(y) = y - y**2 + 7*y**2 - 5*y - y**3 - y - 2. Let z(j) = -j**3 + j**2 - j + 5. Let c be z(0). Let p be t(c). Let q(r) = r**3 + r**2 - 2. Calculate q(p).
-6
Let u(y) = 3*y**3 - y**2 + y - 1. Let j(s) = 4*s - 7. Let i be j(6). Suppose -4*w - 3 + 2 = -k, 3*w + i = 4*k. Give u(w).
2
Let p be (-16)/(-84)*-12 + (-2)/(-7). Let v(a) = -3*a - 2. Calculate v(p).
4
Let n(p) = -3*p + 4*p + 0*p - 3. Let a be n(6). Let h(m) = -m + 4. What is h(a)?
1
Let i(c) be the third derivative of 0 + 0*c - 3*c**2 - 1/2*c**3 + 1/24*c**4. Suppose 0 = 5*t + 12 + 8. Determine i(t).
-7
Let o(v) = -v**3 - 3*v**2 + 3*v + 1. Let h(y) = 0*y**2 + 0 + 6*y**2 - 1 + 2. Let u be h(1). Suppose -q = -2*x - 1 - u, x + 4 = -5*q. Calculate o(x).
5
Let s be (2/(-4))/(1/(-4)). Let q(y) = -24*y**2 + 22*y**2 - 6 + 3 + 4*y. Determine q(s).
-3
Let i(u) = u + 5. Suppose 3 = w + 10. Let b be i(w). Let h(g) = 3*g**2 + 3*g + 2. What is h(b)?
8
Suppose 5*f = 2*w + 27, -6 = w - 0*f - f. Let g(m) = -15*m. What is g(w)?
15
Let z(k) = 11*k + 13. Let b(j) = 7*j - j + 4 + 3. Let o(s) = -7*b(s) + 4*z(s). Let t = 6 + -9. Determine o(t).
-3
Let a(j) = -j**3. Let p be 1*(-2 + 3)*2. Suppose -z = -5*t + p, -5*z + 12 = -5*t + 2*t. Suppose 3*b = -t - 2. What is a(b)?
1
Suppose -3*y + 7*n - 18 = 4*n, 2*y - 3*n + 17 = 0. Let o be 2/((-1)/y + -3). Let g(w) = 6*w**2. Calculate g(o).
6
Let s(y) = -y + 6. Let b = 58 - 50. What is s(b)?
-2
Let c(f) = 5*f + 3 - 23*f**2 + 36*f**2 - 14*f**2. Let h be (-6)/(-21) + 66/14. Give c(h).
3
Let v(g) = 3*g**3 + g + 5. Let j(l) = 6*l**3 + 2*l + 9. Let x(h) = 4*j(h) - 7*v(h). Let r be 12 - (-2 + 3 - -2). Let o = r - 10. Give x(o).
-3
Let f(d) be the first derivative of -2*d**3/3 + d**2 + 3*d + 1. Suppose 2*a = 3*r + 8, -3*a = -r - 0*a - 5. Calculate f(r).
-9
Let t be 3*(-3)/(-1) + -1. Suppose 0*u + t = 4*u. Let n(k) = u*k + k**2 - 2*k. What is n(-2)?
4
Let r(k) = -28*k - 16. Let o(c) = -5*c - 3. Let p(u) = 16*o(u) - 3*r(u). Let m be (5 + -1)*1/(-2). Determine p(m).
-8
Let d be (50/(-5))/((-6)/3). Let b(u) be the first derivative of -u**2/2 + 5*u - 1. What is b(d)?
0
Let z(b) = b**2 - 3 - 3*b + b**2 + 1. Give z(-2).
12
Let r(p) = -7*p - 4*p + 7*p - 4*p**3 + 8*p**2 + 4. Let j be (3/2)/(1/(-2)). Let b(m) = 11*m**3 - 23*m**2 + 11*m - 13. Let v(s) = j*b(s) - 8*r(s). What is v(5)?
2
Suppose -d = d. Suppose -w - w = d. Let f(z) = -z. Give f(w).
0
Let y(u) = u**3 + 8*u**2 + 8*u. Let n be y(-7). Let m(z) be the first derivative of z**3/3 + 4*z**2 + 5*z + 14. Calculate m(n).
-2
Let v(n) = n - 9. Let c = 15 + -8. Let p be v(c). Let w(m) = m**2 + 5*m + 3. Let t be w(p). Let l(j) = -j**3 - 3*j**2 - 2*j + 3. Determine l(t).
9
Suppose -13 = 3*j - 5*p, -2*j - 2*j - 5*p + 41 = 0. Suppose -5*g - 1 = -2*k, -k + j*g - 10 = -3*k. Let l(h) = -h + 0 + k - 5. Calculate l(-5).
3
Suppose 0 = 2*q + 5*q - 35. Let i(z) = 2*z + 6. Determine i(q).
16
Let z(k) be the second derivative of -2*k**3/3 + k**2/2 + k. Suppose 2*h = -0*h + 16. Suppose 5*w + h = w. Calculate z(w).
9
Suppose 3*a + 2*a = 5. Let z(t) = 18*t**2 - t + 1. Give z(a).
18
Let b(w) = w**2 - 7*w + 4. Let l(f) = f**2 - 8*f + 3. Let c(y) = 3*b(y) - 2*l(y). Determine c(4).
2
Let g(h) = h**2 - 5*h - 13. Let o be g(6). Let c(t) = t + 2. Calculate c(o).
-5
Let b(n) = -5*n**2 - 5*n + 3. Let p(h) = 4*h**2 + 4*h - 2. Let x(l) = 3*b(l) + 4*p(l). Suppose -3 = 2*g - 5*z - 1, 0 = 4*z. What is x(g)?
1
Suppose 0 = 5*j + 4*o - 0*o + 38, -3*j + 5*o = 8. Let f be j - ((-8)/2 - -3). Let g(k) = k**3 + 5*k**2 + 6. Calculate g(f).
6
Let y(a) = 52*a - 4 - 96*a + 47*a. What is y(3)?
5
Let i(h) = 6*h + 11. Suppose 16 = -3*w - 5. Let n(u) = 5*u + 10. Let v(x) = w*n(x) + 6*i(x). Suppose -o - 2*p = -2, 4*o - 18 = 3